6 + 13*p**2 + 6194*p. Let r = -18 - -29. Give b(r).
15
Let t(i) = -i**3 - 6*i**2 + 8*i + 3. Suppose 294 + 29 - 36 = -41*y. What is t(y)?
-4
Let s(p) = -2*p**3 - 35*p**2 + 21*p + 44. Let y be ((-6)/(-8)*(-59 + 55))/((-1)/(-6)). What is s(y)?
-10
Suppose 2*l + 8 = -6*l. Let d be l*(-9 + 2 + 4). Let b(g) = -11*g**2 + 4*g**2 + g**d - 8 + 0*g**3. Calculate b(7).
-8
Let s(k) = k**3 - 6*k**2 + 2*k - 2. Let i = 68 + -66. Suppose -3*x - 286 = -f, i*x = 4*f + 4*x - 1186. Suppose f*m - 296*m = -6. Determine s(m).
10
Suppose 1739 = 3*q + 1733. Let m(c) = 0 - 193*c + 2 + q + 194*c. What is m(7)?
11
Let m(a) be the second derivative of -25 - 1/2*a**3 - 3/2*a**2 - 1/20*a**5 + a - 1/6*a**4. Calculate m(-2).
3
Let j(h) = -h**3 + 9*h**2 + 13*h - 15. Let q(a) = -a + 1. Let z(u) = j(u) + q(u). Let w be (-2)/(-21) + 30/(-315) + 13 + -3. Determine z(w).
6
Let b(h) = -2*h + 2 - 1 - 25*h**3 + h**2 + 0*h**2. Suppose -21*i = -17*i - 488. Suppose 0 = -i*a + 125*a - 3. Calculate b(a).
-25
Let p(x) = -2*x + 20. Suppose -k - l = -28 - 32, 5*k - 273 = 4*l. Suppose -4*a + 58 = 2*n, -4*a - 3*n + 2*n + k = 0. Determine p(a).
-8
Let d(z) = 4*z + 2. Suppose c - 3*t - 6 = 0, -4 = 5*c - 5*t - 34. Suppose 2*r - 19 = 3*r + 4*h, 0 = 2*r + 5*h + 23. Let f be (r - -9)/(2/c*-6). Determine d(f).
-18
Suppose -39*l - 85 = -34*l. Let m(v) = v**3 + 15*v**2 - 34*v + 20. What is m(l)?
20
Suppose 0 = -6*z + 7*z - 3. Suppose 4*h = z*a - 1, h - 1 = -h + 3*a. Let i be (-6)/h*(-7 + 6). Let o(m) = -m - 1. Determine o(i).
5
Let o(h) = -36*h. Let k(g) = -94*g + 54. Let q(c) = -k(c) + 2*o(c). What is q(2)?
-10
Let p(g) be the second derivative of g**4/6 + 13*g**3/6 + 6*g**2 + 161*g + 8. Calculate p(-6).
6
Let h(k) = k - 9 - 8 + 0 - 4 + 10*k. Determine h(7).
56
Let v(w) = -4*w**2 + 6*w**2 + 16 - w**2 - w. Let t(p) = -3*p + 57. Let c be t(20). Let u(a) = -33*a - 99. Let z be u(c). Determine v(z).
16
Let z be -1*((-600)/(-84) - (-3)/(-21)). Let a(g) = -8*g - 3. Let i be (-2 - -11)/(-3) - 3. Let l(v) = 7*v + 3. Let m(u) = i*a(u) + z*l(u). What is m(7)?
-10
Let r(y) be the first derivative of y**2/2 - 37*y + 2576. Calculate r(39).
2
Suppose 6*u - u + 860 = 3*c, -855 = 5*u - 2*c. Let w = u + 161. Let o(j) = j**3 + 9*j**2 + 6*j + 10. Determine o(w).
26
Let u = -69 - -79. Suppose u = 2*y - 3*v, -2*y - 5*v + 3*v = 0. Let h(p) = -p**2 + p. What is h(y)?
-2
Let p(u) be the third derivative of -7*u**4/8 - 29*u**3/3 - 2*u**2 + 1906*u. What is p(-7)?
89
Let y be 16/(-10)*-1 + (-8)/(-20). Let d(b) = -745 + b**2 - 2*b**y + 742 + 3*b. Determine d(5).
-13
Let q(j) be the second derivative of -2/3*j**3 - 17*j - 1/10*j**5 - 1/3*j**4 - 2 - j**2. Let l = -6 + 4. Give q(l).
6
Let t(g) = -11*g**2 + 23*g**2 + 17*g - g**2 + 21 + 18 + 27*g**2. Let y(l) = 9*l**2 + 4*l + 9. Let d(p) = -2*t(p) + 9*y(p). Determine d(-3).
42
Let j(t) = -10*t - 105. Let p(q) = 23*q + 237. Let i(x) = 9*j(x) + 4*p(x). What is i(-5)?
-7
Let n(r) = r + 42. Let q be (30/4)/(45/(-54)*(-9)/(-15)). What is n(q)?
27
Let p(l) = l. Let g(s) = -s. Let u(c) = 5*g(c) - p(c). Let v = 266 + -280. Let z = 15 + v. What is u(z)?
-6
Let h(k) = k**2 - 22*k - 254. Let z be h(30). Let l(q) = q**3 + 13*q**2 - 15*q + 4. Determine l(z).
18
Let v(m) = 3*m**3 - 24*m**2 - 44*m - 16. Let k(n) = 5*n**3 - 35*n**2 - 66*n - 21. Let h(y) = 5*k(y) - 8*v(y). Determine h(-16).
-73
Let a = 165 + -34. Suppose a - 125 = 2*z. Let v(i) = i - 10 + 4 + 6. What is v(z)?
3
Let r(n) = -2*n**2 - 3*n + 1. Let y(s) = -29*s + 118. Let a be y(4). Suppose a*q + 4 = f, f + 6*q = 10*q + 12. What is r(f)?
-19
Let u(d) = -d**3 + 4*d**2 + 14*d - 8. Let f be u(6). Let p(c) = -7*c - 5. Let r(a) = -23*a - 14. Let l(j) = -13*p(j) + 4*r(j). Calculate l(f).
5
Suppose -5*r + 10 = -2*a, -4*a + 3*a = 4*r - 8. Let h = -4 + 7. Let i(c) = -7*c**2 - c**h + 3*c**2 + 2*c + 3*c**3 + 1. Calculate i(r).
5
Let o(z) = -z**3 - 15*z**2 + 33*z - 3. Let i be (((-8806)/(-21))/37)/(-3*4/18). Give o(i).
14
Let n = 11 + -9. Let r(o) be the first derivative of -3/4*o**4 + 1 + 0*o**2 + 0*o + o**3. Calculate r(n).
-12
Let z = 32 - 49. Let j(g) be the third derivative of g**4/12 + 19*g**3/3 + 48*g**2 - 3*g - 5. What is j(z)?
4
Let w = -98 - -99. Let v(l) = -w - 4*l + 7 + 9*l - 4. Determine v(5).
27
Let p be (-7 + 6)/((-70)/(-945)*12/8). Let q = -5 + 7. Let m(a) = -14 - a**q - 4*a + 2 - 7*a. Give m(p).
6
Let l be 6/1 + -1 + -2. Suppose 8 = 4*p + 2*q, l*p - p + 2 = -4*q. Let n(r) be the first derivative of r**4/4 - r**3 + 3*r**2/2 + 3*r - 4155. Determine n(p).
12
Let d = 5 - 1. Let c(y) = -y**3 + 5*y**2 - 4*y + 4. Let j be c(d). Let z(b) = 9*b + 6. Let h(n) = 13*n + 7. Let i(p) = -2*h(p) + 3*z(p). What is i(j)?
8
Let x(o) = -3*o**3 - 2*o**2 + o + 2. Let i be x(-1). Suppose i*k + 6 - 2 = 0. Let g(h) = -6. Let y(r) = r + 5. Let z(v) = -5*g(v) - 6*y(v). Calculate z(k).
12
Let t = -360 - -362. Let x(u) = -7*u**3 + 21*u**2 - 21*u + 24. Let k(y) = -3*y**3 + 11*y**2 - 11*y + 12. Let z(s) = t*x(s) - 5*k(s). What is z(12)?
0
Suppose 4*o + 5 = 5*h + 2, -3*h - 3*o - 9 = 0. Let w(x) be the third derivative of 1/30*x**5 + 0 + 0*x + 4*x**2 + 1/6*x**3 + 1/24*x**4. Calculate w(h).
2
Let i = 1315 - 1317. Let d(a) = -2*a**2 - 6*a + 0*a**3 - a**3 + 8*a + 2. Calculate d(i).
-2
Let x(o) be the second derivative of o**3/6 + 11*o**2 + 9357*o. Let g(q) = -q**3 - q**2. Let r be g(0). Determine x(r).
22
Let h(f) = -116*f - 14395. Let z be h(-124). Let l(a) = -4*a**2 - 45*a - 19. Calculate l(z).
-8
Let m(o) = -o**2 + 28*o + 71. Suppose -5*q + 153 = j, -5*q + j + 74 + 73 = 0. What is m(q)?
11
Let d(m) be the second derivative of -m**6/120 - m**5/15 - m**4/12 - m**3/2 + m**2 - m. Let n(f) be the first derivative of d(f). Let g = 119 + -123. Give n(g).
5
Suppose -79*w + 174 = 659 + 858. Let t(f) = 18*f + 312. Determine t(w).
6
Let y = 653 - 653. Let n be (-16)/(-7) + 4/(-14). Let f(h) = -6 - 2*h**2 + 3*h**2 - h**3 + 3*h**2 - 3*h**n. What is f(y)?
-6
Let c(p) = -2*p**2 - 17*p + 9. Let x(v) = -4*v**2 - 34*v + 127. Let t be x(3). What is c(t)?
-46
Suppose -10 = -y - y. Suppose y*q = -3*q - 8. Let z(b) be the second derivative of 5*b**3/6 - 3*b. Give z(q).
-5
Let t(y) = y**2 + 9*y + 9. Let l = 19 - 9. Suppose -8 = 9*z - l*z. Let a be ((-54)/(-24))/((-3)/z). What is t(a)?
-9
Let k(n) = 2*n**2 - n + 2. Let b be 1 - (1/4)/((-6)/(-24)). Suppose -2*q - w - 6 = b, 10*q = 6*q + 4*w. Calculate k(q).
12
Let z(j) = j + 3. Let o(v) = -2*v - 1 + 4*v + 0. Let f(d) = -39*d + 77. Let y be f(2). Let h be o(y). Determine z(h).
0
Suppose 24 = 2*m - 5*q + q, -2*m = -q - 15. Suppose 0 = -2*h - 2*v + m, -h - 4*v - 9 = -4*h. Let o(c) = -3*c - 12 + 13 - h. What is o(-2)?
4
Let c(f) = f**2 - f + 2. Suppose 37 = 10*s + 27*s. Let h be c(s). Let n(t) = 6*t + 1. Determine n(h).
13
Let w(n) = 11*n**2 + 5*n - 11. Suppose k - z - 5 = 0, -5*k + 2*z + 20 = -8. Let f(v) = -24*v**2 - 12*v + 24. Let c(m) = k*f(m) + 13*w(m). Determine c(-7).
1
Let p(m) = m**2 + 5*m - 172. Let s = 17988 + -17977. Give p(s).
4
Suppose -828*r + 824*r + 224 = 0. Suppose 12*x = 5*x + r. Let v(y) = 2*y - 21. Determine v(x).
-5
Let l(g) = -36*g - 31 - g**2 + 27*g + 6*g. Give l(-5).
-41
Suppose -11*n = -7*n + 24. Let j be 8/n*(-30)/20. Let g(s) = 5*s**2 + j*s**2 - 5*s**2 + s + 5*s**2. Give g(-1).
6
Suppose 3 = 2*c - 19. Let n(d) = -d**3 + 11*d**2 - 2*d + 26. Let q be n(c). Let i(k) = 4*k - 8*k**2 + 0*k**2 + k**2 + 5*k**2 - 3. What is i(q)?
-19
Let q(u) = 2*u**2 - 23 + 10*u + 0*u**2 + 18. Let i(c) = 2*c**2 + 10*c - 6. Let v(x) = -3*i(x) + 4*q(x). Give v(-7).
26
Let i(l) = 7*l**3 - 2*l**2 + l. Let p be i(1). Let o be 3/p - (-45)/6. Let y(a) = a**3 - 5*a**2 - 5 - 3*a**2 + 223*a - 221*a. Calculate y(o).
11
Suppose 0 = -2*d - 2*d + 40. Let r = 6 - d. Let j(c) be the second derivative of 5*c**3/6 + 5*c**2/2 - 9387*c. Determine j(r).
-15
Let p = 46643 + -46633. Let c(s) = -2*s**2 + 5*s + 142. Give c(p).
-8
Let y(i) = i**2 + 4*i - 75. Suppose -95*t = -285*t + 1140. Calculate y(t).
-15
Let s(h) = -3 - 116*h + 24*h + 46*h + 13 + 43*h. Determine s(7).
-11
Let d(r) = r**2 + 8*r + 12. Let l(s) = -2*s**2 + 5*s + 22. Let j be l(-3). Let c be 101/j - 4/(-22). Give d(c).
21
Let u(f) = -12*f + 56. Let m be u(5). Let z(g) be the first derivative of 5*g**2 + 41*g + 3. Let s be z(m). Let c(i) = -5*i**3 + 2*i - 1. Calculate c(s).
-4
Let t(a) = -2716*a +